f 5877?
5
What is the hundreds digit of 312?
3
What is the hundreds digit of 2608?
6
What is the thousands digit of 1210?
1
What is the units digit of 9551?
1
What is the tens digit of 203?
0
What is the hundreds digit of 136?
1
What is the units digit of 1354?
4
What is the units digit of 2114?
4
What is the tens digit of 5173?
7
What is the units digit of 176212?
2
What is the tens digit of 201?
0
What is the tens digit of 150054?
5
What is the tens digit of 65020?
2
What is the tens digit of 34?
3
What is the hundreds digit of 10324?
3
What is the tens digit of 561?
6
What is the units digit of 18107?
7
What is the units digit of 3047?
7
What is the tens digit of 11133?
3
What is the tens digit of 71894?
9
What is the hundreds digit of 4317?
3
What is the tens digit of 3369?
6
What is the units digit of 474?
4
What is the units digit of 1963?
3
What is the hundreds digit of 13818?
8
What is the hundreds digit of 25245?
2
What is the hundreds digit of 82668?
6
What is the tens digit of 16412?
1
What is the tens digit of 1910?
1
What is the thousands digit of 7817?
7
What is the ten thousands digit of 13953?
1
What is the hundreds digit of 6201?
2
What is the hundreds digit of 359?
3
What is the tens digit of 733?
3
What is the hundreds digit of 4579?
5
What is the units digit of 24029?
9
What is the units digit of 13390?
0
What is the units digit of 600?
0
What is the thousands digit of 3545?
3
What is the ten thousands digit of 36249?
3
What is the thousands digit of 2681?
2
What is the units digit of 37484?
4
What is the units digit of 27364?
4
What is the ten thousands digit of 43259?
4
What is the thousands digit of 68617?
8
What is the hundreds digit of 766?
7
What is the thousands digit of 32374?
2
What is the thousands digit of 1273?
1
What is the ten thousands digit of 26641?
2
What is the units digit of 9775?
5
What is the ten thousands digit of 17723?
1
What is the units digit of 232?
2
What is the units digit of 155?
5
What is the tens digit of 1369?
6
What is the hundreds digit of 633?
6
What is the hundreds digit of 75819?
8
What is the thousands digit of 3227?
3
What is the tens digit of 92777?
7
What is the units digit of 48358?
8
What is the units digit of 357?
7
What is the tens digit of 5287?
8
What is the tens digit of 1156?
5
What is the thousands digit of 1152?
1
What is the thousands digit of 1329?
1
What is the ten thousands digit of 15771?
1
What is the ten thousands digit of 48373?
4
What is the ten thousands digit of 28668?
2
What is the units digit of 494?
4
What is the tens digit of 7331?
3
What is the hundreds digit of 23354?
3
What is the units digit of 33089?
9
What is the units digit of 52497?
7
What is the tens digit of 29214?
1
What is the hundreds digit of 507?
5
What is the hundred thousands digit of 105695?
1
What is the hundreds digit of 937?
9
What is the tens digit of 330?
3
What is the hundreds digit of 9913?
9
What is the ten thousands digit of 74757?
7
What is the units digit of 13631?
1
What is the units digit of 1450?
0
What is the tens digit of 2104?
0
What is the tens digit of 9092?
9
What is the tens digit of 179?
7
What is the units digit of 2114?
4
What is the hundreds digit of 4046?
0
What is the tens digit of 260?
6
What is the units digit of 61475?
5
What is the units digit of 16801?
1
What is the thousands digit of 56736?
6
What is the thousands digit of 10092?
0
What is the hundreds digit of 810?
8
What is the tens digit of 1320?
2
What is the units digit of 40279?
9
What is the tens digit of 6853?
5
What is the tens digit of 6371?
7
What is the ten thousands digit of 55743?
5
What is the thousands digit of 1115?
1
What is the units digit of 1168?
8
What is the tens digit of 1309?
0
What is the units digit of 832?
2
What is the units digit of 456?
6
What is the tens digit of 7249?
4
What is the hundreds digit of 176495?
4
What is the hundreds digit of 41437?
4
What is the tens digit of 1839?
3
What is the tens digit of 836?
3
What is the hundreds digit of 6284?
2
What is the tens digit of 4478?
7
What is the tens digit of 103?
0
What is the units digit of 2563?
3
What is the units digit of 18581?
1
What is the hundreds digit of 3716?
7
What is the tens digit of 62?
6
What is the hundreds digit of 5078?
0
What is the ten thousands digit of 11401?
1
What is the units digit of 4406?
6
What is the thousands digit of 35508?
5
What is the ten thousands digit of 24517?
2
What is the units digit of 1809?
9
What is the units digit of 4884?
4
What is the units digit of 836?
6
What is the hundreds digit of 12968?
9
What is the hundreds digit of 6995?
9
What is the tens digit of 3148?
4
What is the hundreds digit of 63824?
8
What is the units digit of 5263?
3
What is the ten thousands digit of 10001?
1
What is the tens digit of 11786?
8
What is the tens digit of 10548?
4
What is the units digit of 155?
5
What is the thousands digit of 1863?
1
What is the units digit of 958?
8
What is the tens digit of 1334?
3
What is the thousands digit of 2501?
2
What is the tens digit of 3974?
7
What is the units digit of 927?
7
What is the hundreds digit of 2469?
4
What is the tens digit of 24872?
7
What is the ten thousands digit of 35818?
3
What is the tens digit of 75519?
1
What is the hundreds digit of 5659?
6
What is the hundreds digit of 1682?
6
What is the units digit of 14?
4
What is the hundreds digit of 766?
7
What is the thousands digit of 5290?
5
What is the tens digit of 164?
6
What is the tens digit of 2547?
4
What is the units digit of 677?
7
What is the thousands digit of 2996?
2
What is the thousands digit of 3696?
3
What is the units digit of 9021?
1
What is the tens digit of 574?
7
What is the units digit of 16473?
3
What is the units digit of 12494?
4
What is the tens digit of 1410?
1
What is the ten thousands digit of 24109?
2
What is the ten thousands digit of 103509?
0
What is the units digit of 980?
0
What is the hundreds digit of 504?
5
What is the tens digit of 2314?
1
What is the thousands digit of 1671?
1
What is the tens digit of 320?
2
What is the thousands digit of 1205?
1
What is the hundreds digit of 11924?
9
What is the units digit of 401?
1
What is the thousands digit of 2382?
2
What is the tens digit of 1084?
8
What is the hundreds digit of 6760?
7
What is the thousands digit of 1282?
1
What is the thousands digit of 37967?
7
What is the thousands digit of 66994?
6
What is the ten thousands digit of 40579?
4
What is the hundreds digit of 2931?
9
What is the hundreds digit of 1100?
1
What is the thousands digit of 1595?
1
What is the hundred thousands digit of 163728?
1
What is the ten thousands digit of 13940?
1
What is the hundred thousands digit of 102605?
1
What is the tens digit of 30472?
7
What is the tens digit of 686?
8
What is the hundreds digit of 418?
4
What is the units digit of 16316?
6
What is the hundreds digit of 1061?
0
What is the thousands digit of 4688?
4
What is the thousands digit of 30782?
0
What is the units digit of 18453?
3
What is the ten thousands digit of 56241?
5
What is the thousands digit of 45372?
5
What is the hundreds digit of 67949?
9
What is the hundreds digit of 65365?
3
What is the units digit of 25250?
0
What is the thousands digit of 16287?
6
What is the units digit of 2500?
0
What is the units digit of 1702?
2
What is the thousands digit of 9681?
9
What is the units digit of 884?
4
What is the hundreds digit of 1124?
1
What is the thousands digit of 1660?
1
What is the units digit of 3445?
5
What is the units digit of 3733?
3
What is the thousands digit of 81573?
1
What is the units digit of 829?
9
What is the tens digit of 15073?
7
What is the hundreds digit of 30010?
0
What is the tens digit of 278?
7
What is the units digit of 2102?
2
What is the units digit of 21346?
6
What is the ten thousands digit of 26267?
2
What is the units digit of 7175?
5
What is the tens digit of 4335?
3
What is the tens digit of 1350?
5
What is the units digit of 130?
0
What is the thousands digit of 1397?
1
What is the units digit of 8974?
4
What is the thousands digit of 3304?
3
What is the thousands digit of 4070?
4
What is the tens digit of 35825?
2
What is the hundreds digit of 27723?
7
What is the ten thousands digit of 109805?
0
What is the tens